s).
6
Suppose -o + 2*g - 6 = -g, 4*o - 8 = -4*g. Let j(x) = -x - 20. Give j(o).
-20
Let n(d) = 5*d**2 + 2*d - 2. Let c(j) = -j**2 - j - 1. Let a(o) = 4*c(o) + n(o). Calculate a(5).
9
Suppose 0 = 5*d - 8 - 2. Let j(s) = -2 + s**d + 5 - 2. Suppose 0 = 5*y - 2*y. Give j(y).
1
Suppose 0 = -7*k + 2*k + 10, 2*x - 12 = -2*k. Let g = 0 + x. Let l(f) = 2*f**3 - 3*f + 2*f**3 - g*f**2 - 5*f**3. Determine l(-2).
-2
Let v(b) be the third derivative of 0*b - 2*b**2 + 0 + 1/24*b**4 - 1/60*b**5 + 0*b**3. Let u = 7 + -9. Determine v(u).
-6
Let c(w) = -4*w + 7. Let i(t) = -t**2 + 13*t - 17. Let p be i(11). Give c(p).
-13
Let y(v) = v. Let h(k) = k**2 + 9*k + 7. Let x be h(-7). Calculate y(x).
-7
Let j = -12 - -15. Let z(x) = -j*x + 1 + 6*x + 8*x**3 - 5*x. Give z(1).
7
Let b(d) = 6*d - 6*d - 6*d - 5 + d**2. Suppose -3*z + o + 24 = -2*o, 5*z + 5*o = 20. What is b(z)?
-5
Let v(y) = -y**3 - 2*y**2 + 4*y - 6. Let z(m) = m**2 + m - 1. Let j(l) = -v(l) + 3*z(l). Let s be j(-5). Let q(g) = -2*g - g + g**2 + s*g. Determine q(-5).
0
Let h(m) = m - 3. Let t(z) = -2*z + 7. Let v(q) = 7*h(q) + 3*t(q). Let c = -6 + 9. Suppose -j = i + 6, -2*i + c*j = 2*i - 4. Calculate v(i).
-2
Let u(q) be the second derivative of q**3/6 - q**2/2 + q. Let k be 0 - (-2 - -1 - 1). Suppose 3*y + 2 = k*y. Give u(y).
-3
Let z(k) = 2 + 2 + 3*k + 3 + 5*k**2 + k**3. Let p(n) = -n**2 + 9*n - 5. Suppose y = 1 + 2, 4*o - y = 33. Let t be p(o). Give z(t).
-8
Suppose -3*v = -2*v + 2. Let q be v/3 - (-52)/(-12). Let s(i) = 0*i + 1 + 11 + i. Calculate s(q).
7
Suppose -72*j = -69*j + 9. Let q(d) = d**3 + 5*d**2 + 3*d - 1. Give q(j).
8
Let d(r) = -r**3 + r**2 - 5*r - 5. Let h = -8 + 2. Let a(i) = -2*i**3 + i**2 - 9*i - 9. Let j(l) = h*a(l) + 11*d(l). Determine j(-5).
4
Suppose k = 2*k + 1. Suppose 8*z - 3*z - 4*p + 3 = 0, -p = -3*z + 1. Let f(t) = t**2. Let c(u) = 8*u**2 - u. Let s(x) = z*c(x) - 5*f(x). Give s(k).
4
Let h(x) = -x**2 + x + 7. Let v(k) = -5*k**2 + 5*k + 28. Let p(f) = 9*h(f) - 2*v(f). Let g be 2/(-2)*0*1. Calculate p(g).
7
Suppose -13 = -m - 10. Let u(n) = -3*n**2 + n**2 + n**m - 3*n - 3*n**2 - 4 + 8*n. Calculate u(3).
-7
Let l(o) = -o**2 - 6*o - 2. Let c(f) = -f**3 + 5*f**2 - f + 5. Let k be c(5). Suppose 2*v + s + 8 = k, 6*v + 20 = v + 2*s. Give l(v).
6
Suppose 2*t - 5*k + 14 = 3*t, -3*k - 6 = -3*t. Suppose -3*r - 2 = -t*r. Suppose 0 = 5*s - r*s + 3. Let d(v) = -10*v**3. Calculate d(s).
10
Let t(l) be the first derivative of 14*l**3/3 + 3. Let o be (3/(-6))/(2/4). Determine t(o).
14
Let j(q) = 2*q + 9. Let u be j(-4). Let l(s) = -7*s. Give l(u).
-7
Let y(s) = 16*s**3 + 36*s**2 - 46*s - 36. Let o(g) = -3*g**3 - 7*g**2 + 9*g + 7. Let k(h) = -11*o(h) - 2*y(h). Calculate k(-6).
1
Let t(z) = z**3 - 4*z**2 + 5*z - 4. Let s = -65 + 69. Determine t(s).
16
Let b(q) be the second derivative of -q**4/12 + 2*q**3/3 + 30*q + 2. What is b(6)?
-12
Let w = -9 - -11. Suppose -i = f - 2, -3*f = -i - w*i - 24. Let q(g) = g**3 + 4*g**2 - g - 4. Determine q(i).
8
Let q be 2 + 2 + -2 + 1. Let v(g) = 7*g**3 - 2*g**2 + 2*g. Let u(c) be the first derivative of c**4/4 + c**2/2 - 22. Let t(l) = q*u(l) - v(l). Determine t(-1).
5
Let t(c) = 11*c**2 - c. Let u be t(-1). Let a = -17 + u. Let b(k) = k**2 + 8*k + 7. Determine b(a).
-8
Let i(z) be the third derivative of z**5/60 - z**4/4 + z**3/2 - 15*z**2. Determine i(5).
-2
Let o(v) = v + 0 - 5 - 7*v. Let w(c) = -5*c - 4. Let x(f) = -3*o(f) + 4*w(f). Suppose 3*m + 4 = 7*m. What is x(m)?
-3
Let w(k) be the first derivative of -1/2*k**2 - 3*k - 6 + 1/4*k**4 + 2*k**3. What is w(-6)?
3
Let g(b) = b**2 + 3*b**3 - 2*b**3 - 6*b**3 + 4*b**3. Let n be g(1). Let d(f) = f**2 - f - 5. Calculate d(n).
-5
Let n(f) = f**2. Let r(d) be the second derivative of -3*d**4/4 + d**3/6 - 2*d. Let s be ((-5)/3)/(3/9). Let h(m) = s*n(m) - r(m). Give h(1).
3
Suppose -4*c - 1 = -2*f - 9, -4*f = 5*c + 3. Suppose -c - 5 = 3*d. Let p(j) = -4*j - 2. Determine p(d).
6
Let j(n) = n**2 - 4*n - 4. Let c = -202 - -199. Give j(c).
17
Let z(h) = -h**3 - 6*h**2 - 6*h - 3. Let t = -1 - -3. Suppose -t*g = 9 + 1. Calculate z(g).
2
Let s(d) be the first derivative of 13*d**3/3 + d**2 - d + 16. Calculate s(1).
14
Suppose 3*b + c - 2 = 0, 5*b + 2*c + 6 = -2*c. Let d(x) = -2*x**3 + 3*x**2 - 3*x + 3. Calculate d(b).
-7
Let h(c) be the first derivative of c**3/3 - 2*c**2 - 3*c - 19. Calculate h(-2).
9
Let o be 3 - (2 - (-1 + 2)). Let a(s) = 2*s**2 - 7*s**o + 3*s + 4*s**2 - 4. Determine a(5).
-14
Let i = -2 - -3. Let f(h) = 10*h - 1. Let s(d) = -30*d + 3. Let p(b) = 11*f(b) + 4*s(b). What is p(i)?
-9
Let m(f) be the third derivative of f**5/60 - f**4/6 + 17*f**2. Give m(5).
5
Let f(s) be the first derivative of -1/4*s**4 - 1/60*s**5 - 1 + 0*s + 1/3*s**3 + s**2. Let r(j) be the second derivative of f(j). Calculate r(-6).
2
Suppose -f + 5 = -0*f. Let k(z) = -3*z - 4 + z + 6 + f. Give k(5).
-3
Let n(j) = -2 - 3 - 2 + 0*j - j. Give n(-5).
-2
Suppose 2*p + 0*p + 20 = -2*d, 2*d + 4*p + 28 = 0. Let g(m) = -m**3 - 5*m**2 + 6*m + 5. Give g(d).
5
Let n = -189 + 187. Suppose 4*w = -3*c + 6*w + 2, -c + 5*w = 8. Let r(s) = 3*s**2 + s**c - 3*s**2 - 1. What is r(n)?
3
Let c = 190 + -197. Let v(s) = -s**2 - 6*s + 6. Calculate v(c).
-1
Let m(l) = l. Let i = 11 - 19. Let j = i - -11. Let b be (-17)/j - 3/9. Determine m(b).
-6
Let m(w) = -w**3 - 6*w**2 + 7*w + 7. Let o be m(-7). Suppose -d + o = -2. Let l = -13 + d. Let t(q) = -2*q**2 - 4*q + 5. What is t(l)?
-11
Let l(q) = -q**2 - 3*q - 5. Let k be l(-3). Let y(p) = p**3 + 5*p**2. Calculate y(k).
0
Let s(l) = -l - 5. Let f be s(-8). Let v(j) = 2 + j**3 - 3*j**2 + 1 + j - j**f + j**3. Let a = -5 - -8. Calculate v(a).
6
Let o(b) = 2*b - b**2 + 4*b**3 - 2*b**3 - b + 2 - 3. What is o(2)?
13
Let k(r) be the third derivative of r**4/24 - 44*r**2. Suppose -4*u - f + 26 = 0, -2*f + 12 = u + 2. What is k(u)?
6
Let b(g) = 2*g**3 - 3*g**2 + 2*g - 3. Suppose 8*r - 6 = 5*r. Determine b(r).
5
Let o be (2/4)/(2/8). Let x(l) = l - l**2 - o - 2*l + 3*l**2. Let w be (-24)/15 - 2/5. Determine x(w).
8
Let k(y) = y**2 + 6*y + 5. Let q = -109 + 104. Give k(q).
0
Suppose -2*p + 4*p = -8. Let k(t) = -t**3 + 15*t + 6 + 12*t - 20*t - 3*t**2. Determine k(p).
-6
Suppose -3*y + 3 = f, -4*y - 3 = -2*f + 3. Let j(h) = -h**2 - f + 2*h - h + 2*h. Calculate j(3).
-3
Let v(o) = -o**2 + 5*o - 4. Let r(l) = 4*l**2 - 2*l + 2. Let s be r(1). Give v(s).
0
Let r(k) be the third derivative of -k**4/12 - k**3/6 - 3*k**2. What is r(1)?
-3
Let n be (-1 - 0)/(-1) + -2. Let o(c) = -1. Let g(m) = 4*m + 5. Let v(a) = n*g(a) - 4*o(a). Suppose q = 5*j + 13, j = -2*q - 11 + 4. Give v(q).
7
Let d be (2 - 6) + (-2)/2. Let b = 4 + d. Let a(l) = -5*l**3 + 2*l**2 + 2*l + 1. What is a(b)?
6
Let v(u) = u - 13. Let f be v(11). Let s(p) = 0*p - 3*p**2 - 3*p - p - 3. What is s(f)?
-7
Let d(v) = v - 2. Let x(y) = -4*y + 8. Let q(n) = 9*d(n) + 2*x(n). Let u(s) = -s - 10. Let l be u(-8). What is q(l)?
-4
Let g(d) = d**2 - 4. Suppose -5*w + 6*w + l - 4 = 0, -4*w - 5*l = -16. Determine g(w).
12
Let n be -3 + 4 - 0/2. Let x(b) = 9*b + 1. Calculate x(n).
10
Let v be 6/4*(-2)/1. Let u = v - -5. Let k(s) = -5*s + s**u + 4 - 1 + 2. Calculate k(5).
5
Let c(i) = i**2 - 5*i - 8. Let z be c(7). Let n(h) be the second derivative of -h**4/12 + 7*h**3/6 - 4*h**2 + 6*h. Determine n(z).
-2
Let j(g) be the second derivative of -g**4/24 + g**3/3 - g**2/2 - g. Let m(q) be the first derivative of j(q). Give m(2).
0
Suppose 2*t = -2*i + 4, -3*i = -i - 5*t - 11. Let h(z) = -1 - 2 + i + 3 - 4*z. Determine h(2).
-5
Let r(y) = y**3 - 6*y**2 - y - 4. Let h(q) be the first derivative of -q**4/4 + 11*q**3/3 + q**2 + 7*q + 3. Let j(f) = -3*h(f) - 5*r(f). Calculate j(-2).
5
Let m(p) = p**2 - 4*p. Let r(w) = -w + 4. Let n be r(4). Suppose n = -0*k + k - 4. Give m(k).
0
Let d(q) be the first derivative of 0*q - 1/24*q**4 - 7/60*q**5 + 0*q**3 - 1/2*q**2 - 3. Let c(i) be the second derivative of d(i). Give c(-1).
-6
Suppose 9 + 9 = -6*o. Let t(i) = i + 6. What is t(o)?
3
Let z(j) = -j**3 - 8*j**2 - 2*j - 11. Suppose -t - 14 + 6 = 0. Let c be z(t). Suppose -4*r - 13 = c*a - 0*r, -5*a - r = 22. Let d(y) = -y - 7. Determine d(a).
-2
Let f(u) = -u - 11. Let x(z) = z**2 - 3*z - 3. Let p be x(7). Suppose 0 = 3*b + 2*j - 5*j + 15, 0 = 5*b + 2*j + p. What is f(b)?
-6
Let w(n) be the secon